- 2*i + 5. Give q(4).
-19
Let b(x) = -x**2 + 4*x + 7. Determine b(3).
10
Let g(f) = 9*f + 2. Calculate g(-4).
-34
Let k(i) = 2*i**2 + 6*i - 1. Calculate k(-4).
7
Let q(a) = 3*a - 3. Calculate q(2).
3
Let l(k) = k**3 - 6*k**2 - k - 9. Give l(4).
-45
Let w(h) = -2*h**2 - 3*h + 4. Calculate w(-3).
-5
Let z(n) = n**2 + 6*n + 11. What is z(-10)?
51
Let d(v) = -3*v**3 - 5*v**2 - 6*v + 7. Calculate d(-2).
23
Let g(r) = 3*r - 26. Give g(11).
7
Let b(a) = -a**2 - 44*a - 71. What is b(-42)?
13
Let o(h) = h**3 + 9*h**2 - h - 23. Give o(-9).
-14
Let r(m) = m**2 + m - 8. What is r(-4)?
4
Let r(t) = -t**3 + 2*t - 4. Determine r(0).
-4
Let q(j) = -3*j - 3. What is q(5)?
-18
Let v(h) = 3*h - 1. Calculate v(-5).
-16
Let w(b) = -b**2 + 16. Determine w(6).
-20
Let m(p) = -22*p + 180. Calculate m(8).
4
Let h(s) = s**2 - s - 32. Determine h(0).
-32
Let j(a) = -a**2 + 2*a + 46. Calculate j(-5).
11
Let i(v) = v**2 + 5*v + 43. Calculate i(-6).
49
Let m(a) = -32*a + 32. Determine m(1).
0
Let w(h) = -h**3 - 9*h**2 - 9*h + 9. Calculate w(-7).
-26
Let j(y) = -y + 12. What is j(7)?
5
Let s(p) = -p**2 - 99*p - 735. What is s(-8)?
-7
Let k(h) = -h**2 + 4*h + 35. Determine k(9).
-10
Let k(d) = -d - 8. Calculate k(-8).
0
Let c(q) = -677*q - 4056. Determine c(-6).
6
Let m(q) = q**3 + 13*q**2 - 16*q - 7. Give m(-14).
21
Let x(d) = 3*d**3 + 2*d**2 + 2*d. Give x(-1).
-3
Let z(i) = -i**3 + 12*i**2 - 14*i + 12. Calculate z(11).
-21
Let u(f) = -f**2 - f + 4. Determine u(-3).
-2
Let a(o) = -3*o - 16. What is a(-4)?
-4
Let q(h) = 29*h + 2. Give q(-1).
-27
Let y(k) = k**2 + 3*k - 3. Determine y(7).
67
Let c(z) = 2*z**3 - 35*z**2 - 18*z + 6. Determine c(18).
6
Let f(p) = -p + 87. What is f(-7)?
94
Let y(n) = 8*n + 35. Determine y(-5).
-5
Let m(r) = r**2 - 12*r - 6. What is m(12)?
-6
Let t(l) = 21*l**2 - l + 1. Determine t(1).
21
Let b(w) = -2*w - 29. Give b(-10).
-9
Let p(z) = z**3 - 7*z**2 - 7*z + 51. Calculate p(7).
2
Let s(m) = m**3 + m**2 - 3*m - 1. Calculate s(-2).
1
Let r(j) = j. Determine r(0).
0
Let v(g) = 7*g. Determine v(1).
7
Let i(m) = -2*m**2 + 12*m + 22. What is i(8)?
-10
Let q(y) = 10*y**2 + 1. What is q(-1)?
11
Let z(a) = a**3 - 6*a**2 + 6*a - 1. Give z(5).
4
Let w(j) = 6*j + 35. Calculate w(-5).
5
Let p(b) = -7*b + 22. Determine p(-12).
106
Let r(f) = -f**3 + 11*f**2 + 20*f - 54. Determine r(12).
42
Let n(f) = f**3 + 16*f**2 + 49*f - 10. Give n(-12).
-22
Let q(a) = 2*a**3 - a**2 + 2*a + 1. Determine q(2).
17
Let i(h) = -34*h**3 - h**2 + h. Give i(1).
-34
Let k(i) = -i**3 + 3*i**2 - i + 5. What is k(3)?
2
Let p(h) = -3*h + 23. Determine p(23).
-46
Let x(i) = -i**3 + 8*i**2 - 16. Calculate x(8).
-16
Let a(b) = b**3 - 33*b**2 + 31*b + 33. Give a(32).
1
Let v(f) = f**3 + 3*f**2 - 4*f - 6. What is v(-4)?
-6
Let r(g) = -2*g**3 - 13*g**2 + 4*g + 8. Give r(-7).
29
Let f(y) = -y**3 + 6*y**2 + 7*y - 52. Calculate f(6).
-10
Let u(o) = -o**3 - 6*o**2 + 17. Determine u(-5).
-8
Let b(f) = 2*f**3 + 24*f**2 + 23*f + 18. Calculate b(-11).
7
Let k(q) = q**2 + 7*q - 7. Give k(5).
53
Let l(w) = w**3 - 3*w**2 + w - 2. Give l(-3).
-59
Let c(x) = -4*x**2 + 11*x - 6. What is c(4)?
-26
Let r(d) = -d**3 - 9*d**2 - d. What is r(-9)?
9
Let r(d) = 2*d**2 - 4*d. Calculate r(-3).
30
Let t(z) = z**2 + 7*z - 4. Determine t(-8).
4
Let f(g) = -g**2 + 8*g - 11. Give f(7).
-4
Let q(u) = -2*u**2 + 7*u - 5. Give q(6).
-35
Let r(y) = -y**2 - y + 323. What is r(18)?
-19
Let t(f) = 3*f**3 - 16*f**2 + 4*f + 1. What is t(5)?
-4
Let b(q) = -2*q - 14. Determine b(16).
-46
Let k(n) = 3*n + 3. What is k(-4)?
-9
Let j(p) = -p - 7. What is j(0)?
-7
Let i(v) = v**2 - 7*v - 59. Calculate i(12).
1
Let s(q) = -5*q + 67. What is s(15)?
-8
Let g(z) = -4*z + 1. Give g(9).
-35
Let w(a) = -a**3 - 19*a**2 - 53*a - 73. Give w(-16).
7
Let u(r) = 3*r - 9. Give u(14).
33
Let v(q) = -q**2 - 7*q. Give v(-9).
-18
Let p(s) = -s**2 - 5*s - 6. What is p(-5)?
-6
Let q(h) = -3*h**2 + 3*h + 9. Determine q(-3).
-27
Let c(r) = -r**3 + 3*r**2 + 3*r - 4. Determine c(4).
-8
Let i(c) = -3*c + 18. Calculate i(6).
0
Let y(o) = o**3 + 31*o**2 + 29*o - 41. Give y(-30).
-11
Let g(b) = -10*b**2 - 3*b - 2. Determine g(-1).
-9
Let z(l) = l**2 - l - 20. What is z(-5)?
10
Let t(k) = -6*k + 24. Give t(4).
0
Let x(o) = -o + 3. Calculate x(4).
-1
Let s(l) = 16*l + 6. Give s(-6).
-90
Let r(v) = -2*v**2 + 5*v + 4. Determine r(-2).
-14
Let w(k) = -32*k - 3. What is w(2)?
-67
Let o(b) = -5*b**2 + 2*b + 2. Calculate o(-4).
-86
Let q(x) = x - 15. What is q(9)?
-6
Let a(w) = -w**2 + 8*w + 11. What is a(8)?
11
Let z(i) = -i**2 + 16*i + 4. What is z(16)?
4
Let u(f) = -f + 28. What is u(3)?
25
Let r(i) = 2*i**2 + 25*i - 92. Give r(-16).
20
Let l(i) = 11*i - 71. What is l(9)?
28
Let m(t) = -t**2 + 13*t + 25. Determine m(14).
11
Let g(j) = j**3 - 13*j**2 - 18*j + 14. What is g(14)?
-42
Let y(d) = -3*d**2 + 4*d + 3. Determine y(-1).
-4
Let m(c) = c**2 + 38*c + 28. Calculate m(-36).
-44
Let a(d) = d**3 + 9*d**2 + 5*d - 6. Determine a(-8).
18
Let u(j) = -9*j**2 - 1. What is u(-1)?
-10
Let s(d) = -d**3 + 5*d**2 + 21*d - 90. Determine s(6).
0
Let w(m) = m**3 - 30*m**2 - 33*m + 73. What is w(31)?
11
Let z(h) = h**2 - 6*h + 10. Determine z(7).
17
Let n(z) = -z + 5. Calculate n(-7).
12
Let f(k) = -17*k**2 - k + 1. Determine f(2).
-69
Let t(x) = -5*x**3 + 2*x + 1. Determine t(-1).
4
Let p(q) = 5*q - 79. Calculate p(16).
1
Let c(m) = m**3 + 8*m**2 - 14*m - 17. Determine c(-9).
28
Let g(q) = q**3 - q**2 - 11*q + 17. Calculate g(2).
-1
Let y(b) = -b**2 + b + 8. What is y(-7)?
-48
Let x(b) = -3*b + 15. Calculate x(3).
6
Let w(o) = 5*o + 131. Determine w(-26).
1
Let h(a) = a**2 + 14*a + 23. Determine h(-11).
-10
Let q(h) = -7*h - 11. What is q(-2)?
3
Let y(d) = 5*d + 45. Calculate y(-6).
15
Let b(i) = -i**2 + 11*i - 12. Calculate b(5).
18
Let o(y) = y**2 + y + 1. Determine o(0).
1
Let t(i) = i**2 + 11*i + 9. Give t(-10).
-1
Let r(c) = -c**3 - 14*c**2 - 11*c + 23. Determine r(-13).
-3
Let h(q) = -6*q - 62. What is h(-9)?
-8
Let r(h) = h**2 - 7*h + 10. Give r(6).
4
Let g(y) = -y**2 + y + 88. Calculate g(0).
88
Let m(b) = -4*b + 23. Calculate m(6).
-1
Let f(b) = -b**2 - 34*b - 250. Determine f(-21).
23
Let h(o) = o**2 + 3*o - 2. What is h(-3)?
-2
Let l(t) = -6*t + 224. Calculate l(32).
32
Let g(n) = 4*n + 22. Determine g(-6).
-2
Let k(o) = o**3 + 9*o**2 + 7*o - 18. Calculate k(-7).
31
Let l(a) = a**3 + 12*a**2 + a + 14. Give l(-12).
2
Let d(u) = 2*u**2 - 5*u - 5. What is d(-2)?
13
Let j(w) = 3*w + 12. Give j(-7).
-9
Let f(s) = 18*s - 173. What is f(10)?
7
Let z(n) = n**3 + 3*n**2 - 5*n + 6. What is z(-5)?
-19
Let t(p) = 5*p**2 + 50*p - 1. Determine t(-8).
-81
Let z(s) = -s**3 - 12*s**2 + 14*s + 10. Calculate z(-13).
-3
Let x(h) = 4*h + 18. Calculate x(-5).
-2
Let w(k) = -k**2 + 9*k + 5. Determine w(10).
-5
Let b(i) = -i**3 - 16*i**2 + 18*i + 1. Determine b(-17).
-16
Let o(s) = -2*s - 8. Determine o(-10).
12
Let f(b) = -b**3 - 3*b - 119. Calculate f(0).
-119
Let k(l) = 2*l**3 - 14*l**2 + 4*l + 9. Calculate k(8).
169
Let s(d) = -21*d**2. What is s(-1)?
-21
Let a(w) = -3*w + 60. Give a(20).
0
Let z(c) = c**2 - 19*c + 19. Calculate z(16).
-29
Let v(p) = 78*p**2 - 544*p - 9. Calculate v(7).
5
Let u(v) = 4*v - 33. Determine u(10).
7
Let g(c) = c**3 + 14*c**2 - 15*c - 4. Give g(-15).
-4
Let m(n) = 13*n + 74. Determine m(-5).
9
Let u(r) = -2*r - 80. Give u(-24).
-32
Let z(a) = -3*a**2 + 2*a + 1. Determine z(2).
-7
Let f(c) = 3*c - 7. Give f(5).
8
Let h(d) = -d**2 + 9*d - 9. What is h(6)?
9
Let z(t) = -t + 13. Calculate z(0).
13
Let z(b) = 4*b + 4. Determine z(-5).
-16
Let u(f) = f**2 + 3*f - 5. Calculate u(-3).
-5
Let w(a) = 8*a + 50. Calculate w(-6).
2
Let z(y) = -9*y**2 + 3*y + 2. Determine z(-1).
-10
Let j(z) = 2*z**3 - 4*z**2 + 2*z + 9. What is j(4)?
81
Let x(y) = y**2 - 12*y - 4. Calculate x(6).
-40
Let x(k) = -5*k + 33. Calculate x(7).
-2
Let t(i) = 5*i + 1. Give t(1).
6
Let a(s) = s**2 - 3*s + 5. What is a(2)?
3
Let x(s) = -s**3 + 2*s**2 - s - 18. What is x(0)?
-18
Let c(r) = -r**3 + 15*r**2 - 28*r + 19. Determine c(13).
-7
Let n(h) = -h**3 - 3*h**2 + 2*h. Determine n(2).
-16
Let c(u) = -u**3 - 28*u**2 - 26*u + 29. Calculate c(-27).
2
Let c(y) = y**2 + 9*y + 75. Give c(-10).
85
Let k(j) = -5*j - 58. Calculate k(-9).
-13
Let z(s) = 58*s**3 - 2*s - 1. Calculate z(-1).
-57
Let t(a) = a**